{"id":439,"date":"2021-02-19T10:35:36","date_gmt":"2021-02-19T10:35:36","guid":{"rendered":"https:\/\/sqg.es\/?page_id=439"},"modified":"2021-07-28T18:19:14","modified_gmt":"2021-07-28T18:19:14","slug":"politica-de-privacitat","status":"publish","type":"page","link":"https:\/\/sqg.es\/ca\/politica-de-privacitat\/","title":{"rendered":"Pol\u00edtica de privacitat"},"content":{"rendered":"<p>[et_pb_section fb_built=&#8221;1&#8243; _builder_version=&#8221;4.7.7&#8243; _module_preset=&#8221;default&#8221; background_color=&#8221;#f9f9f9&#8243;][et_pb_row _builder_version=&#8221;4.7.7&#8243; _module_preset=&#8221;default&#8221; width=&#8221;50%&#8221;][et_pb_column type=&#8221;4_4&#8243; _builder_version=&#8221;4.7.7&#8243; _module_preset=&#8221;default&#8221;][et_pb_text _builder_version=&#8221;4.7.7&#8243; _module_preset=&#8221;default&#8221; text_font=&#8221;IBM Plex Sans|300|||||||&#8221; text_line_height=&#8221;1.3em&#8221; header_font=&#8221;IBM Plex Sans||||||||&#8221; header_font_size=&#8221;35px&#8221; header_2_font_size=&#8221;25px&#8221; custom_margin=&#8221;0px||||false|false&#8221; custom_margin_tablet=&#8221;0px|||0px|false|false&#8221; custom_margin_phone=&#8221;0px||0px||false|false&#8221; hover_enabled=&#8221;0&#8243; text_font_size_tablet=&#8221;&#8221; text_font_size_phone=&#8221;16px&#8221; text_font_size_last_edited=&#8221;on|phone&#8221; header_font_size_phone=&#8221;26px&#8221; header_2_font_size_tablet=&#8221;&#8221; header_2_font_size_phone=&#8221;18px&#8221; header_2_font_size_last_edited=&#8221;on|phone&#8221; locked=&#8221;off&#8221; sticky_enabled=&#8221;0&#8243;]<\/p>\n<h1><strong>Pol\u00edtica de privacitat<\/strong><\/h1>\n<p>&nbsp;<\/p>\n<h2>Informaci\u00f3 general<\/h2>\n<p>En compliment de la Llei 34\/2002, de 11 de juliol, de Serveis de la Societat de la Informaci\u00f3 i de Comer\u00e7 Electr\u00f2nic:<br \/> Titular de la p\u00e0gina web: Sentis Quintana Asociados S.L.<br \/> Sentis Quintana Asociados S.L. est\u00e0 domiciliada a C \/ Pi i Margall 2n 1r, 08840 Viladecans, Barcelona. NIF: B59953075.<br \/>Inscrita en el registre Mercantil de Barcelona Tomo 36603 Folio 0004 Hoja 25620 Inscripci\u00f3n 12<br \/> Adre\u00e7a de correu electr\u00f2nic de contacte sqg@sqg.es. www.sqg.es \u00e9s l&#8217;adre\u00e7a web de Sentis Quintana Asociados S.L., mitjan\u00e7ant la qual ofereix als usuaris d&#8217;internet informaci\u00f3 sobre l&#8217;empresa i els serveis que ofereixen. Tel\u00e8fon: 93 637 88 07.<\/p>\n<p>&nbsp;<\/p>\n<h2>Propietat intel\u00b7lectual<\/h2>\n<p>\u00a9 Copyright 2021 Sentis Quintana Asociados S.L., tots els drets d&#8217;explotaci\u00f3 estan reservats. Els drets de propietat intel\u00b7lectual sobre el contingut \u00edntegre d&#8217;aquesta p\u00e0gina web s\u00f3n propietat de Sentis Quintana Asociados S.L., Queda prohibida la reproducci\u00f3, retransmissi\u00f3, c\u00f2pia, cessi\u00f3 o difusi\u00f3 total o parcial del seu contingut sense autoritzaci\u00f3 expressa i per escrit.<\/p>\n<p>Tampoc s&#8217;autoritza:<\/p>\n<p>1. La presentaci\u00f3 d&#8217;una p\u00e0gina del lloc web en una finestra que no pertanyi a Sentis Quintana Asociados S.L. per mitj\u00e0 de &#8220;framing&#8221;.<\/p>\n<p>2. La inserci\u00f3 d&#8217;una imatge difosa al lloc web en una p\u00e0gina que no \u00e9s de Sentis Quintana Asociados S.L. mitjan\u00e7ant &#8220;in line linking&#8221;.<\/p>\n<p>3. L&#8217;extracci\u00f3 d&#8217;elements del lloc web causant perjudici a Sentis Quintana Asociados S.L., de conformitat amb les disposicions vigents.<\/p>\n<p>&nbsp;<\/p>\n<h2>Responsabilitat dels continguts i dels enlla\u00e7os<\/h2>\n<p>Sentis Quintana Asociados S.L. no assumeix la responsabilitat de les infraccions en qu\u00e8 puguin inc\u00f3rrer els usuaris ni dels danys i perjudicis causats per la utilitzaci\u00f3 d&#8217;aquesta web i es reserva el dret d&#8217;actualitzaci\u00f3 i modificaci\u00f3 de la informaci\u00f3 sense previ av\u00eds. Sentis Quintana Asociados S.L. no assumeix la responsabilitat de l&#8217;contingut, veracitat i errors en els enlla\u00e7os als quals es pot accedir a trav\u00e9s de la p\u00e0gina web. L&#8217;\u00fanica finalitat dels enlla\u00e7os \u00e9s la de proporcionar als usuaris l&#8217;acc\u00e9s a una informaci\u00f3 que pot ser del seu inter\u00e8s.<\/p>\n<p>&nbsp;<\/p>\n<h2>Dades de car\u00e0cter personal: pol\u00edtica de privacitat<\/h2>\n<p>Les dades que l&#8217;usuari faciliti volunt\u00e0riament a trav\u00e9s d&#8217;aquesta p\u00e0gina web seran objecte de tractament automatitzat i s&#8217;incorporaran a un fitxer propietat de Sentis Quintana Asociados S.L., que podr\u00e0 utilitzar-los per enviar informacions publicit\u00e0ries relacionades amb els seus productes i serveis. Aix\u00ed mateix, aquestes dades podran ser cedides a altres empreses amb finalitats promocionals i publicit\u00e0ries. D&#8217;acord amb el que estableix la Llei Org\u00e0nica <span class=\"Y2IQFc\" lang=\"ca\">3\/2018, de 5 de desembre de Protecci\u00f3 de Dades personals i garantia dels drets digitals LOPDGDD <\/span>qualsevol usuari pot exercir el dret d&#8217;acc\u00e9s, rectificaci\u00f3, cancel\u00b7laci\u00f3 i oposici\u00f3 a el tractament de les seves dades personals facilitades, dirigint-se per escrit a:<\/p>\n<p>SENTIS QUINTANA ASOCIADOS S.L.<br \/> C\/ Pi i Margall 2\u00ba 1\u00ba<br \/> 08840 Viladecans<br \/> Barcelona \u2014 Espanya<\/p>\n<p>El sistema de navegaci\u00f3 i el programari necessaris per al funcionament d&#8217;aquest lloc web recull, en el curs normal del seu exercici, algunes dades personals la transmissi\u00f3 est\u00e0 impl\u00edcita en l&#8217;\u00fas dels protocols de comunicaci\u00f3 d&#8217;Internet. Es tracta d&#8217;informaci\u00f3 que no s&#8217;obt\u00e9 per ser associada a interessats identificats, per\u00f2 que, per la seva naturalesa podrien, mitjan\u00e7ant la seva elaboraci\u00f3 o associaci\u00f3 amb dades de tercers, permetre la identificaci\u00f3 dels mateixos. Aquestes dades s&#8217;utilitzen amb l&#8217;exclusiva finalitat d&#8217;obtenir informaci\u00f3 estad\u00edstica an\u00f2nima sobre l&#8217;\u00fas del lloc web, aix\u00ed com tamb\u00e9 per controlar el seu correcte funcionament t\u00e8cnic, i es cancel\u00b7len immediatament despr\u00e9s de la seva elaboraci\u00f3.<\/p>\n<p>&nbsp;<\/p>\n<h2>Llei i jurisdicci\u00f3 aplicable<\/h2>\n<p>Les anteriors condicions es regiran per la normativa espanyola.<\/p>\n<p>[\/et_pb_text][\/et_pb_column][\/et_pb_row][\/et_pb_section]<\/p>\n","protected":false},"excerpt":{"rendered":"<p>[et_pb_section fb_built=&#8221;1&#8243; _builder_version=&#8221;4.7.7&#8243; _module_preset=&#8221;default&#8221; background_color=&#8221;#f9f9f9&#8243;][et_pb_row _builder_version=&#8221;4.7.7&#8243; _module_preset=&#8221;default&#8221; width=&#8221;50%&#8221;][et_pb_column type=&#8221;4_4&#8243; _builder_version=&#8221;4.7.7&#8243; _module_preset=&#8221;default&#8221;][et_pb_text _builder_version=&#8221;4.7.7&#8243; _module_preset=&#8221;default&#8221; text_font=&#8221;IBM Plex Sans|300|||||||&#8221; text_line_height=&#8221;1.3em&#8221; header_font=&#8221;IBM Plex Sans||||||||&#8221; header_font_size=&#8221;35px&#8221; header_2_font_size=&#8221;25px&#8221; custom_margin=&#8221;0px||||false|false&#8221; custom_margin_tablet=&#8221;0px|||0px|false|false&#8221; custom_margin_phone=&#8221;0px||0px||false|false&#8221; hover_enabled=&#8221;0&#8243; text_font_size_tablet=&#8221;&#8221; text_font_size_phone=&#8221;16px&#8221; text_font_size_last_edited=&#8221;on|phone&#8221; header_font_size_phone=&#8221;26px&#8221; header_2_font_size_tablet=&#8221;&#8221; header_2_font_size_phone=&#8221;18px&#8221; header_2_font_size_last_edited=&#8221;on|phone&#8221; locked=&#8221;off&#8221; sticky_enabled=&#8221;0&#8243;] Pol\u00edtica de privacitat &nbsp; Informaci\u00f3 general En compliment de la Llei 34\/2002, de 11 de juliol, de Serveis de la [&hellip;]<\/p>\n","protected":false},"author":1,"featured_media":0,"parent":0,"menu_order":0,"comment_status":"closed","ping_status":"closed","template":"","meta":{"_et_pb_use_builder":"on","_et_pb_old_content":"","_et_gb_content_width":"","footnotes":""},"class_list":["post-439","page","type-page","status-publish","hentry"],"_links":{"self":[{"href":"https:\/\/sqg.es\/ca\/wp-json\/wp\/v2\/pages\/439","targetHints":{"allow":["GET"]}}],"collection":[{"href":"https:\/\/sqg.es\/ca\/wp-json\/wp\/v2\/pages"}],"about":[{"href":"https:\/\/sqg.es\/ca\/wp-json\/wp\/v2\/types\/page"}],"author":[{"embeddable":true,"href":"https:\/\/sqg.es\/ca\/wp-json\/wp\/v2\/users\/1"}],"replies":[{"embeddable":true,"href":"https:\/\/sqg.es\/ca\/wp-json\/wp\/v2\/comments?post=439"}],"version-history":[{"count":0,"href":"https:\/\/sqg.es\/ca\/wp-json\/wp\/v2\/pages\/439\/revisions"}],"wp:attachment":[{"href":"https:\/\/sqg.es\/ca\/wp-json\/wp\/v2\/media?parent=439"}],"curies":[{"name":"wp","href":"https:\/\/api.w.org\/{rel}","templated":true}]}}

Política de privacitat

<p>[et_pb_section fb_built=&#8221;1&#8243; _builder_version=&#8221;4.7.7&#8243; _module_preset=&#8221;default&#8221; background_color=&#8221;#f9f9f9&#8243;][et_pb_row _builder_version=&#8221;4.7.7&#8243; _module_preset=&#8221;default&#8221; width=&#8221;50%&#8221;][et_pb_column type=&#8221;4_4&#8243; _builder_version=&#8221;4.7.7&#8243; _module_preset=&#8221;default&#8221;][et_pb_text _builder_version=&#8221;4.7.7&#8243; _module_preset=&#8221;default&#8221; text_font=&#8221;IBM Plex Sans|300|||||||&#8221; text_line_height=&#8221;1.3em&#8221; header_font=&#8221;IBM Plex Sans||||||||&#8221; header_font_size=&#8221;35px&#8221; header_2_font_size=&#8221;25px&#8221; custom_margin=&#8221;0px||||false|false&#8221; custom_margin_tablet=&#8221;0px|||0px|false|false&#8221; custom_margin_phone=&#8221;0px||0px||false|false&#8221; hover_enabled=&#8221;0&#8243; text_font_size_tablet=&#8221;&#8221; text_font_size_phone=&#8221;16px&#8221; text_font_size_last_edited=&#8221;on|phone&#8221; header_font_size_phone=&#8221;26px&#8221; header_2_font_size_tablet=&#8221;&#8221; header_2_font_size_phone=&#8221;18px&#8221; header_2_font_size_last_edited=&#8221;on|phone&#8221; locked=&#8221;off&#8221; sticky_enabled=&#8221;0&#8243;]</p>
<h1><strong>Política de privacitat</strong></h1>
<p>&nbsp;</p>
<h2>Informació general</h2>
<p>En compliment de la Llei 34/2002, de 11 de juliol, de Serveis de la Societat de la Informació i de Comerç Electrònic:<br /> Titular de la pàgina web: Sentis Quintana Asociados S.L.<br /> Sentis Quintana Asociados S.L. està domiciliada a C / Pi i Margall 2n 1r, 08840 Viladecans, Barcelona. NIF: B59953075.<br />Inscrita en el registre Mercantil de Barcelona Tomo 36603 Folio 0004 Hoja 25620 Inscripción 12<br /> Adreça de correu electrònic de contacte sqg@sqg.es. www.sqg.es és l&#8217;adreça web de Sentis Quintana Asociados S.L., mitjançant la qual ofereix als usuaris d&#8217;internet informació sobre l&#8217;empresa i els serveis que ofereixen. Telèfon: 93 637 88 07.</p>
<p>&nbsp;</p>
<h2>Propietat intel·lectual</h2>
<p>© Copyright 2021 Sentis Quintana Asociados S.L., tots els drets d&#8217;explotació estan reservats. Els drets de propietat intel·lectual sobre el contingut íntegre d&#8217;aquesta pàgina web són propietat de Sentis Quintana Asociados S.L., Queda prohibida la reproducció, retransmissió, còpia, cessió o difusió total o parcial del seu contingut sense autorització expressa i per escrit.</p>
<p>Tampoc s&#8217;autoritza:</p>
<p>1. La presentació d&#8217;una pàgina del lloc web en una finestra que no pertanyi a Sentis Quintana Asociados S.L. per mitjà de &#8220;framing&#8221;.</p>
<p>2. La inserció d&#8217;una imatge difosa al lloc web en una pàgina que no és de Sentis Quintana Asociados S.L. mitjançant &#8220;in line linking&#8221;.</p>
<p>3. L&#8217;extracció d&#8217;elements del lloc web causant perjudici a Sentis Quintana Asociados S.L., de conformitat amb les disposicions vigents.</p>
<p>&nbsp;</p>
<h2>Responsabilitat dels continguts i dels enllaços</h2>
<p>Sentis Quintana Asociados S.L. no assumeix la responsabilitat de les infraccions en què puguin incórrer els usuaris ni dels danys i perjudicis causats per la utilització d&#8217;aquesta web i es reserva el dret d&#8217;actualització i modificació de la informació sense previ avís. Sentis Quintana Asociados S.L. no assumeix la responsabilitat de l&#8217;contingut, veracitat i errors en els enllaços als quals es pot accedir a través de la pàgina web. L&#8217;única finalitat dels enllaços és la de proporcionar als usuaris l&#8217;accés a una informació que pot ser del seu interès.</p>
<p>&nbsp;</p>
<h2>Dades de caràcter personal: política de privacitat</h2>
<p>Les dades que l&#8217;usuari faciliti voluntàriament a través d&#8217;aquesta pàgina web seran objecte de tractament automatitzat i s&#8217;incorporaran a un fitxer propietat de Sentis Quintana Asociados S.L., que podrà utilitzar-los per enviar informacions publicitàries relacionades amb els seus productes i serveis. Així mateix, aquestes dades podran ser cedides a altres empreses amb finalitats promocionals i publicitàries. D&#8217;acord amb el que estableix la Llei Orgànica <span class="Y2IQFc" lang="ca">3/2018, de 5 de desembre de Protecció de Dades personals i garantia dels drets digitals LOPDGDD </span>qualsevol usuari pot exercir el dret d&#8217;accés, rectificació, cancel·lació i oposició a el tractament de les seves dades personals facilitades, dirigint-se per escrit a:</p>
<p>SENTIS QUINTANA ASOCIADOS S.L.<br /> C/ Pi i Margall 2º 1º<br /> 08840 Viladecans<br /> Barcelona — Espanya</p>
<p>El sistema de navegació i el programari necessaris per al funcionament d&#8217;aquest lloc web recull, en el curs normal del seu exercici, algunes dades personals la transmissió està implícita en l&#8217;ús dels protocols de comunicació d&#8217;Internet. Es tracta d&#8217;informació que no s&#8217;obté per ser associada a interessats identificats, però que, per la seva naturalesa podrien, mitjançant la seva elaboració o associació amb dades de tercers, permetre la identificació dels mateixos. Aquestes dades s&#8217;utilitzen amb l&#8217;exclusiva finalitat d&#8217;obtenir informació estadística anònima sobre l&#8217;ús del lloc web, així com també per controlar el seu correcte funcionament tècnic, i es cancel·len immediatament després de la seva elaboració.</p>
<p>&nbsp;</p>
<h2>Llei i jurisdicció aplicable</h2>
<p>Les anteriors condicions es regiran per la normativa espanyola.</p>
<p>[/et_pb_text][/et_pb_column][/et_pb_row][/et_pb_section]</p>

<p>[et_pb_section fb_built=&#8221;1&#8243; _builder_version=&#8221;4.7.7&#8243; _module_preset=&#8221;default&#8221; background_color=&#8221;#f9f9f9&#8243;][et_pb_row _builder_version=&#8221;4.7.7&#8243; _module_preset=&#8221;default&#8221; width=&#8221;50%&#8221;][et_pb_column type=&#8221;4_4&#8243; _builder_version=&#8221;4.7.7&#8243; _module_preset=&#8221;default&#8221;][et_pb_text _builder_version=&#8221;4.7.7&#8243; _module_preset=&#8221;default&#8221; text_font=&#8221;IBM Plex Sans|300|||||||&#8221; text_line_height=&#8221;1.3em&#8221; header_font=&#8221;IBM Plex Sans||||||||&#8221; header_font_size=&#8221;35px&#8221; header_2_font_size=&#8221;25px&#8221; custom_margin=&#8221;0px||||false|false&#8221; custom_margin_tablet=&#8221;0px|||0px|false|false&#8221; custom_margin_phone=&#8221;0px||0px||false|false&#8221; hover_enabled=&#8221;0&#8243; text_font_size_tablet=&#8221;&#8221; text_font_size_phone=&#8221;16px&#8221; text_font_size_last_edited=&#8221;on|phone&#8221; header_font_size_phone=&#8221;26px&#8221; header_2_font_size_tablet=&#8221;&#8221; header_2_font_size_phone=&#8221;18px&#8221; header_2_font_size_last_edited=&#8221;on|phone&#8221; locked=&#8221;off&#8221; sticky_enabled=&#8221;0&#8243;] Política de privacitat &nbsp; Informació general En compliment de la Llei 34/2002, de 11 de juliol, de Serveis de la [&hellip;]</p>
